hat is the greatest common divisor of 20889 and 2748?
3
Calculate the greatest common divisor of 77345460 and 6372.
2124
Calculate the greatest common factor of 32 and 7044728.
8
What is the highest common factor of 144253904 and 752?
752
Calculate the highest common divisor of 677344 and 197152.
1952
Calculate the greatest common divisor of 1806 and 29348102.
602
Calculate the highest common factor of 4 and 59477744.
4
Calculate the highest common factor of 14934 and 746831.
131
What is the greatest common divisor of 50457 and 62411?
139
What is the greatest common factor of 52954183 and 293?
293
What is the highest common divisor of 735983280 and 14985?
4995
What is the highest common divisor of 8955027 and 1311?
69
Calculate the highest common divisor of 234922950 and 8100.
1350
What is the highest common factor of 1702 and 14120014?
74
What is the greatest common factor of 166 and 409478259?
83
What is the highest common divisor of 40 and 1493930?
10
What is the greatest common factor of 15345 and 39380?
55
Calculate the greatest common factor of 102294 and 507.
3
Calculate the greatest common factor of 16366006 and 3839.
349
What is the highest common divisor of 10653 and 4060721193?
10653
Calculate the highest common divisor of 100357762 and 3170.
634
Calculate the highest common divisor of 46473829 and 19.
19
What is the highest common divisor of 1773486 and 9702?
198
Calculate the highest common divisor of 315 and 201564945.
45
Calculate the highest common divisor of 19921 and 87538.
11
What is the highest common divisor of 1182221 and 4544?
71
What is the highest common factor of 184119408 and 1936?
1936
What is the greatest common factor of 18928605 and 915?
915
What is the greatest common factor of 5397 and 24934?
7
Calculate the highest common factor of 23647 and 2462926.
1819
What is the greatest common divisor of 225 and 637299?
9
What is the greatest common factor of 29192001 and 3329?
3329
Calculate the highest common factor of 1846686 and 122.
2
What is the greatest common factor of 71 and 10737827?
71
Calculate the greatest common factor of 155557 and 509.
1
Calculate the highest common factor of 102 and 1533941280.
102
What is the highest common divisor of 257659 and 8662?
71
What is the highest common factor of 70795089 and 306?
153
What is the highest common divisor of 3938952 and 1804?
164
Calculate the highest common divisor of 69 and 10714343.
23
What is the greatest common factor of 15053647 and 7?
7
Calculate the highest common divisor of 19 and 2023993.
1
What is the highest common divisor of 427387 and 89392?
37
What is the greatest common divisor of 883726 and 12838?
262
What is the greatest common divisor of 8200 and 77408?
328
Calculate the greatest common factor of 5 and 6110305.
5
What is the highest common divisor of 438834 and 13664?
122
Calculate the highest common factor of 156538 and 181936.
166
What is the highest common divisor of 4266607 and 10837357?
8761
What is the highest common factor of 613341 and 4439?
23
Calculate the greatest common factor of 244 and 64815977.
61
What is the highest common factor of 34022070 and 1290?
30
Calculate the highest common divisor of 250 and 554306650.
50
Calculate the greatest common divisor of 15239343 and 9996.
147
What is the highest common factor of 15192 and 2731878?
18
What is the highest common factor of 232 and 161530?
58
What is the greatest common divisor of 1737 and 204219?
9
What is the highest common divisor of 134 and 53707669?
67
What is the greatest common divisor of 81 and 160251?
3
What is the greatest common divisor of 144 and 110288412?
36
What is the greatest common divisor of 10894063 and 20811?
991
What is the greatest common divisor of 222578 and 224620?
2042
Calculate the highest common divisor of 970990 and 1.
1
Calculate the highest common divisor of 74275 and 956662.
2971
Calculate the highest common factor of 5475 and 131525.
25
What is the greatest common divisor of 36852682 and 109?
109
Calculate the highest common divisor of 32962648 and 112.
8
What is the highest common divisor of 65089700 and 1950?
650
What is the highest common divisor of 324 and 15727284?
324
What is the highest common factor of 879360 and 660?
60
Calculate the highest common divisor of 981922422 and 26.
26
What is the greatest common divisor of 212 and 3997525?
53
Calculate the greatest common factor of 503933303 and 1147.
1147
What is the highest common divisor of 222 and 6406513?
37
What is the greatest common factor of 889810 and 10870?
10
Calculate the highest common factor of 42180 and 455877.
111
What is the highest common factor of 940 and 55068960?
940
What is the greatest common divisor of 6422 and 4846582?
338
What is the greatest common divisor of 264 and 55791494?
22
Calculate the greatest common factor of 7163 and 2527408.
377
What is the highest common factor of 136617 and 51566307?
4407
What is the greatest common factor of 228 and 112865168?
76
Calculate the highest common factor of 81258 and 40107.
87
What is the highest common factor of 32326 and 22766740?
4618
Calculate the highest common divisor of 27488 and 86759.
859
Calculate the greatest common divisor of 390 and 13111485.
15
Calculate the highest common divisor of 594 and 170751240.
594
Calculate the highest common factor of 54007310 and 3724.
1862
Calculate the greatest common factor of 488877296 and 1615.
323
What is the highest common divisor of 8034 and 20778?
6
Calculate the greatest common divisor of 920 and 8084695.
5
Calculate the highest common factor of 363511 and 2329.
17
What is the greatest common divisor of 339445904 and 1008?
112
Calculate the highest common divisor of 230082 and 136586.
62
What is the highest common factor of 416 and 301181556?
52
What is the highest common factor of 177775 and 3641950?
325
What is the highest common factor of 999 and 28860?
111
Calculate the greatest common factor of 30219 and 244188.
21
Calculate the greatest common factor of 2492932 and 22347.
2483
What is the greatest common divisor of 28681193 and 3?
1
What is the greatest common divisor of 2212957 and 1423063?
6269
What is the greatest common divisor of 402 and 775090773?
201
Calculate the greatest common factor of 7581 and 961968.
21
Calculate the greatest common divisor of 86830 and 28621910.
4570
Calculate the highest common divisor of 252273 and 39073601.
2051
Calculate the highest common factor of 9330706 and 1540.
154
What is the greatest common divisor of 2646 and 1037316?
42
Calculate the greatest common factor of 762530541 and 4629.
4629
What is the highest common factor of 1977 and 3494677?
659
What is the greatest common factor of 94 and 1342?
2
Calculate the highest common factor of 199359 and 2329.
17
Calculate the greatest common factor of 14498302 and 8658.
962
Calculate the greatest common divisor of 1860 and 9367332.
372
What is the highest common factor of 13810 and 641205205?
6905
What is the greatest common factor of 5030714376 and 1656?
1656
What is the highest common divisor of 839746618 and 61?
61
Calculate the greatest common factor of 2752 and 98284584.
344
Calculate the greatest common factor of 138 and 6703948.
46
Calculate the greatest common divisor of 84 and 40281654.
42
What is the greatest common divisor of 607743 and 4131?
243
What is the greatest common divisor of 7899309 and 675?
27
What is the highest common divisor of 57770 and 16678570?
530
What is the highest common divisor of 4482384 and 1872?
48
What is the greatest common factor of 2530 and 7307330?
230
Calculate the greatest common factor of 10 and 955448930.
10
Calculate the highest common factor of 6 and 11539518.
6
What is the highest common factor of 22351548 and 6?
6
Calculate the highest common factor of 6015208 and 1536.
8
Calculate the greatest common factor of 6546617 and 18403.
77
Calculate the greatest common divisor of 4764309 and 344619.
1947
What is the highest common factor of 131140187 and 718?
359
What is the greatest common divisor of 109172 and 6284074?
1114
What is the highest common divisor of 2897542 and 2?
2
What is the highest common factor of 2216162796 and 12?
12
What is the highest common factor of 438 and 7908642?
6
Calculate the highest common factor of 21700